4*z - 9 = -4*k + z, k - 1 = -2*z. Suppose 3*a - 3 = k. What is the greatest common factor of a and o?
1
Let s(j) = -j**2 - 5*j + 5. Let l be s(-6). Let q be -1*1/l*39. Let w = 29 + -16. What is the highest common divisor of q and w?
13
Let k be (-2)/13 - 288/(-13). Let g(s) = 8*s**2 + 7. Let u be g(-6). Suppose -4*h = 4 + 16, -5*l = -4*h - u. Calculate the greatest common factor of l and k.
11
Suppose c + 11 = 15. Let w be ((-4)/5)/((-4)/130). Suppose 5*m + c*o = 142, -2*o - w = -m - 4*o. What is the greatest common divisor of m and 20?
10
Let b be (-4 + 3)/((-2)/(-22)). Let t = b + 29. Calculate the highest common factor of t and 18.
18
Let o = 45 + 75. Calculate the highest common factor of o and 15.
15
Let w = 42 + -18. Let a = -24 + 36. Calculate the greatest common factor of w and a.
12
Suppose 3 = 2*b + 5*j - 22, 3*b - 3*j = -15. Suppose -20 = -5*i - b. Calculate the greatest common divisor of i and 8.
4
Let f(c) = c**2 - 2*c + 1. Let x be f(2). Let j(l) = -l**3 + 3*l**2 + 3*l + 2. Let i be j(3). Calculate the greatest common divisor of i and x.
1
Let f be (-2)/2 - (-1 - 44). Let c = f + -24. What is the greatest common divisor of c and 10?
10
Let p(t) = 2*t**2 - 10*t + 27. Let c be p(12). What is the greatest common divisor of 15 and c?
15
Suppose -4*p - 4 = -12. What is the highest common factor of 5 and p?
1
Let s(h) = 29*h**2 + h. Let u be s(-1). Calculate the highest common divisor of u and 140.
28
Let c be (-3)/2*4/(-6). Suppose 4*l = l + 12. Suppose 8 = -2*u + l*u. What is the highest common divisor of u and c?
1
Suppose -5*x - 2*v = -93, -x = 3*x - v - 64. Calculate the greatest common divisor of x and 187.
17
Let u = 47 + -43. Let q be 3/2*4/3. What is the highest common divisor of u and q?
2
Let c = 0 - -12. Calculate the greatest common factor of 4 and c.
4
Let l(c) = -c**3. Let v be l(1). Let w = v - -10. What is the greatest common factor of w and 6?
3
Let w be 204/18 + (-4)/(-6). Let z = -44 - -165. Suppose -3*k = 3*t - 303, -10 = t + 3*k - z. What is the greatest common divisor of t and w?
12
Let d(y) = -y**2 + 3*y + 3. Let j be d(3). Let q be (2/j)/(-2)*-3. What is the highest common factor of 2 and q?
1
Let k = -10 - 21. Let t = k + 64. Let o = -70 - -92. What is the greatest common factor of t and o?
11
Let w(v) = -v**3 + 8*v**2 - v + 4. Let a be w(8). Let p be (-2)/(-4)*0 - a. Let g be 2/3*6/p. What is the greatest common factor of g and 3?
1
Let v(n) = -2*n**3 + 5*n**2 + 5*n - 2. Let d be v(-2). Calculate the highest common divisor of d and 16.
8
Let l = 14 - -7. What is the highest common divisor of 7 and l?
7
Let y be (-4)/18 + 47/9. Suppose y*o + 0 = -q + 15, -5*q + 3*o - 65 = 0. Let n be -5*2*16/q. Calculate the highest common divisor of n and 40.
8
Let n(m) be the first derivative of -2*m**2 + 3/4*m**4 + 3*m + 1 - 1/3*m**3. Let t be n(2). Calculate the highest common divisor of 60 and t.
15
Let q = 14 + -8. Let m = 25 - 16. Calculate the highest common factor of m and q.
3
Let o be (-11)/(-2) - 8/(-16). What is the highest common divisor of 18 and o?
6
Suppose -5*w + 2 = -3. What is the highest common divisor of w and 25?
1
Suppose -2*i + 2*c + 11 + 155 = 0, -3*c + 151 = 2*i. What is the highest common factor of i and 20?
20
Let n(v) = 2*v**3 - v + 14. Let l be n(0). What is the greatest common divisor of 63 and l?
7
Suppose 5*s = 41 + 79. Suppose 3*r = 5*d + 208, -2*d - 258 = -3*r - 65. Suppose 19 + r = 5*p. Calculate the greatest common factor of s and p.
8
Suppose 0 = -z + 7*r - 2*r - 28, -2*z - r - 12 = 0. Let b be (15/4)/((-2)/z). Let m = 147 - 87. Calculate the highest common divisor of b and m.
15
Let j be 1*(-3)/(12/(-64)). Calculate the greatest common divisor of 16 and j.
16
Suppose 59*y = 53*y + 72. Calculate the highest common factor of 84 and y.
12
Suppose 5*f + 10 = 0, 14 = -s + 2*f - 6*f. Let a be s/(-4) + (-25)/(-2). Calculate the highest common divisor of a and 42.
14
Suppose 4*n + 10 - 2 = -3*l, -2*n = l + 2. Let s be 2 - n - (0 - 3). What is the greatest common factor of 16 and s?
4
Let j = 80 + -32. Let m = 3 + 9. Suppose -2*b + 12 = -m. What is the highest common factor of j and b?
12
Suppose -190 = 5*y + 15. Let n = y - -65. Calculate the greatest common factor of 36 and n.
12
Suppose 3*w - 35 = 2*w - 4*r, 4*w - 101 = -3*r. Calculate the highest common divisor of w and 207.
23
Let c(a) = -a**3 - 2*a**2 + 5*a - 3. Let v be (3 - 1)/(2/(-4)). Let z be c(v). Let m = z - 3. Calculate the greatest common factor of m and 54.
6
Let i(h) = h**2 + h + 1. Let z(r) = -r**3 + 3*r**2 - 2*r - 8. Let c(o) = -2*i(o) - z(o). Let b be c(5). Calculate the highest common divisor of 4 and b.
2
Let j(k) = -2*k**3 - 10*k**2 - 5*k - 4. Let v be j(-5). Calculate the greatest common factor of 84 and v.
21
Let k = 8 + -4. Let r(p) = 7*p - 7 + 5 - 4. Let b be r(k). Calculate the highest common factor of b and 2.
2
Suppose -2*s = -2*y + 30, 0 = y + 4*s - 8*s - 24. Calculate the highest common divisor of 48 and y.
12
Let h(p) = 16*p - 9. Let l be h(4). Let q = l - 31. What is the greatest common divisor of q and 264?
24
Let j(f) = 23*f**3 + f**2 + f - 1. Let g be j(1). What is the highest common factor of 3 and g?
3
Suppose 9 = -4*g - 3*c, 0 = -3*g - 3*c - c - 5. Let i be 3/g + (4 - 2). Let s be (1 + 0)/(1/3). Calculate the greatest common divisor of i and s.
1
Suppose 36 + 15 = l. Calculate the highest common factor of l and 17.
17
Let y = 7 + -1. Let p be -1 + y/(-15)*-5. What is the greatest common factor of 2 and p?
1
Suppose 23 + 5 = 4*n. Let l = 50 - -13. Calculate the greatest common factor of l and n.
7
Suppose 4*b + 49 = -7. Let c = 36 + b. What is the greatest common factor of 33 and c?
11
Let o(k) = k**2 - k + 3. Let g be o(4). Suppose -2 = -z + 28. Calculate the highest common divisor of z and g.
15
Let n = 12 + -4. Let s be (2/n)/(1/12). Calculate the highest common factor of 2 and s.
1
Let k = -24 - -48. What is the greatest common divisor of k and 48?
24
Let h = 11 - 10. Let u be (20/25)/(h/45). What is the highest common factor of 54 and u?
18
Let r(v) = v - 1. Let i be r(10). What is the highest common factor of i and 9?
9
Suppose -3*n + 72 = 3*h, 0*h - 3*h = -2*n + 63. Let f = n - -23. Calculate the greatest common factor of f and 75.
25
Suppose 50 = -4*o - 5*v, -3*o - 4*v + 32 = -7*o. Let n be (340/(-25))/(4/o). What is the highest common factor of n and 85?
17
Suppose 5*f = 2*f. Suppose 6*l - l - 15 = -5*o, f = 2*o. Let h be 62/4 + (-1)/2. Calculate the highest common divisor of h and l.
3
Suppose 5*l - 6*c - 13 = -2*c, 0 = 2*l + c - 13. Let z be (-4 + 26/6)*75. Calculate the highest common divisor of z and l.
5
Let k be 0*(-2)/8*2. Suppose k = -0*x + 2*x - 44. Calculate the greatest common divisor of x and 33.
11
Suppose 62 = 2*b + 3*c, 5*b - 4*b = -5*c + 38. Suppose 0*h + 5*h - 10 = 0. Suppose 0 = h*r - 16 + 2. What is the greatest common divisor of b and r?
7
Let w be (-8)/36 - 52/9. Let t be (-40)/w + (-4)/6. Suppose 2*v - 24 = -2*a, 33 = 3*v + a - 3. What is the highest common divisor of v and t?
6
Let k(q) be the second derivative of 7*q**3/3 + 5*q**2/2 - q. Let g be k(5). What is the highest common factor of g and 15?
15
Let f be (-994)/(-18) + 4/(-18). What is the greatest common divisor of 11 and f?
11
Let h be (-6)/(-1) + (1 - 1). Let z = h + -1. Suppose 3*f + l = z*f - 73, -5*l = 5*f - 175. What is the highest common factor of 9 and f?
9
Let j = -33 - -53. What is the highest common factor of 20 and j?
20
Let q = 68 + -35. Let g be 3/(-12) + 21/4. Suppose -q = -g*w + 142. Calculate the highest common factor of 14 and w.
7
Let t = 646 + -366. Calculate the highest common divisor of t and 35.
35
Let y(n) = -n**2 + 10*n + 2. Let r be y(7). Calculate the highest common divisor of 69 and r.
23
Let k be -26*(-1)/(1/2). Suppose -5*q - 12 = -k. Let d be 1/(-3) - 8/(-6). Calculate the highest common factor of d and q.
1
Let d(k) = k**2 + 7*k + 4. Let o be d(-6). Let u = o - -6. What is the highest common factor of u and 20?
4
Let h be -4 + 0 + (25 - (-2 + 2)). Calculate the highest common divisor of h and 3.
3
Let s(z) be the first derivative of -z**3/3 - 6*z**2 - 6*z + 3. Let m be s(-9). Calculate the highest common divisor of 21 and m.
21
Suppose -2*l = -3*l + 111. Calculate the greatest commo